+ -22 + 3.
-6
What is -18 + -5 + 14 + 11?
2
What is the value of (-11 - -17) + -3 - (12 - 1)?
-8
What is the value of -9 + (21 - 41 - -32)?
3
What is the value of -5 + -3 - -21 - 11?
2
What is -7 + (0 - 1) - (9 + -8 - 4)?
-5
What is the value of (1 - 2) + (95 - 47) + -46?
1
What is the value of 32 + -45 - (-17 - -25)?
-21
(1 - -11 - -3) + (12 + -1 - 8)
18
-28 + (0 - -6 - 9)
-31
What is -17 + 43 + -28 + 21?
19
-93 + 112 + -1 + -5
13
Calculate 24 - -10 - (20 + -3 + -1).
18
What is 9 + -5 - (1 + -2 + (6 - 6))?
5
18 + -10 - (-7 + 24 - 2)
-7
Evaluate -8 - (-27 - -7) - (11 - 12).
13
5 + (-2 + 21 - 16)
8
What is -14 - -1 - (-23 - -1 - -28)?
-19
4 - (44 - (18 + -15 + 7))
-30
What is the value of (3 - -1) + -2 + (-4 - (12 - 7))?
-7
Evaluate 19 + 2 + -2 + (18 - (16 - -9)).
12
Calculate -7 - 19 - -38 - 35.
-23
Calculate 12 - (28 - (5 + 11)).
0
What is the value of 2 + 10 + 16 + -20 - (12 + 0)?
-4
What is 22 + -5 - 24 - (0 - -17)?
-24
2 + (-5 - -1) - (313 - 326)
11
What is the value of 10 - (48 + (-2 - 17))?
-19
What is the value of 1 - (-5 - (15 + -9) - -3)?
9
What is the value of 467 - 478 - (-14 + 1)?
2
What is the value of -3 + (-9 - (-6 + -16)) - -3?
13
What is the value of (-3 - -1 - -8) + (-1 - (-4 + 5))?
4
0 - (61 - 32 - 33)
4
What is 12 - -4 - (28 + -5)?
-7
What is 8 - -4 - 8 - (-3 + 9)?
-2
What is 6 - ((-16 - -32 - 20) + 36)?
-26
Calculate -1 + -12 + 19 + (-14 - -5).
-3
What is (-59 - -66) + 4 + -36?
-25
38 - (15 + 7 - -6)
10
What is the value of 18 + (-2 - -20 - (37 - -9))?
-10
Calculate -3 + 8 + -9 + 23 + 5 + -10.
14
(-14 - (0 + -19)) + -19
-14
Evaluate (5 - (-4 + 3)) + -4 + 18 + -12.
8
(-19 + 5 - 35) + 33
-16
What is -39 + (-14 - -24) + (5 - -1)?
-23
Evaluate (212 - 194) + 7 + (4 - 4).
25
Calculate 15 + 6 - 13 - 1.
7
What is the value of -3 - (8 - (4 - (0 + 2)))?
-9
What is 636 + -616 + (0 - 29)?
-9
Evaluate -14 + (11 - 13) + 12 + -5.
-9
-71 + 48 - (-18 + 6)
-11
Calculate (-46 - 12) + 36 + 10 + -1.
-13
What is (-1 - -17) + (-18 - (1 + -10)) + 18?
25
Calculate -9 + (-5 - -5) + -10 + 3.
-16
What is the value of -6 + 8 + 0 + -1 - 10 - 9?
-18
What is (8 - 2 - (26 + -16)) + 15?
11
Evaluate (-3 + 11 - 2) + (6 - -1).
13
What is 30 - 63 - -10 - -12?
-11
Evaluate -2 + 11 + 11 + (-31 - -10) + 14.
13
Evaluate 2 - 4 - (7 - -8).
-17
What is the value of (11 - ((3 - -3) + -41 + 50)) + -8?
-12
8 + (-5 - (2 + 1 + -8))
8
What is -4 - (6 + -6 + (0 - (6 - 12)))?
-10
What is (-11 - -8) + 1 + -19 + 4 + 5?
-12
Evaluate 2607 + -2601 - (1 - (1 - 3 - -1)).
4
Evaluate 7 - (51 + -5 - 21).
-18
Calculate 1 + -32 - (10 + -8 + (-3 - -1)).
-31
Calculate 14 + (-18 - (7 + -8)).
-3
Evaluate (34 - -12 - 31) + -10.
5
Calculate 0 + 3 + 10 + -11 + 0 + 0.
2
Calculate 14 + (28 + -17 - 33).
-8
What is the value of -16 + 19 + 10 + -15?
-2
What is the value of (1 - -5) + 2 + 52 + -25?
35
Evaluate -15 + 3 - (27 + -12 + 14).
-41
What is the value of -17 + 0 - (98 - (146 - 26))?
5
What is the value of -11 + (-8 - 13 - (-13 + -4))?
-15
Calculate -4 - (0 + 4) - (10 + -41 - -15).
8
0 - -12 - ((24 - 0) + -15) - -24
27
Evaluate (11 + -24 + -4 - -9) + -6.
-14
Calculate -25 + 36 + -14 + 1.
-2
Calculate -6 - ((-5 - 2) + 8 + -4).
-3
-1 + 9 + (-7 - -2) - -4
7
3 + (-13 - -18) + 3
11
What is the value of -8 + (9 - (-6 + 13)) + (-3 - -6)?
-3
What is (-18 - -2) + -189 + 187?
-18
What is -7 - (-1 - (-7 + -1) - 3)?
-11
What is the value of 24 + -35 + -4 - 3?
-18
Calculate 14 + (-10 - (-15 - (7 + -2)) - 13).
11
What is the value of (6 - (11 - 1)) + (-27 + 11 - -49)?
29
1 + -7 - (-6 + 6 + 4 + -3)
-7
What is -4 + (24 - (10 + -4)) + -8 + -10?
-4
What is the value of -13 - (-4 - -3) - ((-4 - 10) + 13)?
-11
What is (1 - -2) + 1 - (-76 + (55 - -29))?
-4
6 + (-19 - (-7 - (5 - 12) - -1))
-14
What is the value of (22 - 72) + 46 + -34?
-38
What is the value of -6 + (21 - 16 - (-2 - (-8 - -1)))?
-6
1 + (15 - 20 - (3 + 1)) + 3
-5
3 + 8 - (-13 - -15)
9
Calculate -4 + -4 + (-19 - -12 - -23).
8
(6 - (-6 - (-7 - (9 - 2)))) + -6
-8
Calculate -4 - (16 + -4) - (18 - 23).
-11
Evaluate -9 + (-11 - -6) + 14.
0
Calculate 34 + (8 - 14) + -7.
21
Calculate -5 + 2 + -26 + 32 - (-3 - 6).
12
Calculate (28 - ((2 - 1) + 4)) + -13 + 6.
16
Evaluate -11 + (-8 - (-14 - (12 - 7))).
0
-6 - (2 + -2) - (104 - 143)
33
Calculate 441 - 490 - (-3 + 3 - 17).
-32
Calculate -7 + (3 - 2) - (3 - (12 - 6)).
-3
What is the value of 4 - ((1 - (-5 - -11)) + -1)?
10
Calculate (-27 - (28 - 29)) + 17.
-9
(19 - 19) + 19 - 4
15
Evaluate 16 + (-6 - 9) - (2 + 9).
-10
What is -1 - (0 - -8) - (-772 + 794)?
-31
15 + -13 - (4 + -1 + 2) - 2
-5
Calculate 11 - (59 + 29 + -54).
-23
What is (-44 - -35 - ((-3 - -4) + -3)) + 1?
-6
Evaluate 0 - (2 + 0 - (-25 - -17 - -8)).
-2
Calculate 24 - 34 - (7 + -19).
2
What is the value of -3 + (6 - -3) + -4 + 0 + -2?
0
Calculate (-34 - (-5 + -10)) + 19.
0
Calculate (69 - 5 - 8) + -16 - 11.
29
What is 14 - (7 + 21 - 16)?
2
Evaluate (4 - (-11 - -10) - -3) + -7.
1
(5 - (8 + 4)) + (-4 - -10) + -7
-8
What is the value of (127 + -109 - (11 + 0)) + -21?
-14
What is the value of 2330 + -2321 - (8 + 1)?
0
What is the value of -21 + 51 + 14 - (1 - -11)?
32
What is -3 + -2 + 5 + -7 + -1 + -1?
-9
What is the value of 84 - 72 - (2 + -9 - -3)?
16
What is 30 + -38 + -3 + -8 + 3?
-16
What is -54 - (-45 + -11) - (-29 + 2 - 0)?
29
Calculate (106 - 44) + -30 + -1.
31
What is -5 - 10 - -8 - (-6 - -1) - 4?
-6
Evaluate 9 + (2 + -6 - 18) - -30.
17
Evaluate -47 + (-10 - (-28 - 3)).
-26
Evaluate -13 + (25 - 8) - -19.
23
What is the value of -17 + (18 - -8) - (15 + 1)?
-7
Evaluate (5 + -15 + 3 - -6) + (0 - 13).
-14
2 + (62 - (10 - -8)) - 17
29
-21 + (33 - (35 + -17)) + (13 - 1)
6
What is the value of -24 + 2 - (-189 - -167)?
0
1 - (-2 + -4) - 14 - (-15 - -2)
6
Calculate (22 - -1) + (152 - 158) - 0.
17
What is the value of -34 - (27 - (11 + 26) - (1 + -15))?
-38
Evaluate -10 + 22 + -27 + 14.
-1
What is 132 - 114 - ((-3 - -13) + -2)?
10
What is 20 - 1 - ((26 - (35 - 15)) + 3)?
10
Calculate -53 + 38 + (9 - 1).
-7
What is the value of -27 + 0 + -5 + 21?
-11
-7 + (-1 - -6 - (-18 - -11) - -5)
10
Calculate (-22 - (-31 - -27)) + 3.
-15
Evaluate (-42 - -16) + (3 - 1) + 10.
-14
-2 + 7 + (-5 - (5 + -3 - 5))
3
Evaluate (3 - 5) + 12 - (10 + 4).
-4
What is (-4 - (-3 + 1)) + 2 - -8?
8
Calculate (42 - (27 - -21)) + (0 - 2 - 5).
-13
What is -4 + (28 + -35 - (-1 + -14))?
4
What is the value of (-50 - -21) + (-17 - -68)?
22
What is (11 - 3) + -12 + -3 - -5 - -11?
9
What is -43 + 19 + -1 + 12?
-13
What is the value of (-19 - -37) + -7 + (2 - (2 - -2))?
9
What is 12 + -18 - ((-10 - -6) + 2 + -3)?
-1
0 - -1 - (-1 + -4) - (-1077 + 1078)
5
Calculate 13 - -5 - (-7 + 29 + 16).
-20
-24 + 38 + -13 + 6
7
Evaluate -8 + -8 + 28 - 37.
-25
Evaluate (6 - 1) + 6 + (-2 - 11) - -6.
4
(-10 - -12 - 1) + 2 - 1
2
What is the value of 0 - (3 + -10 - -5)?
2
Calculate (2 - 8) + (70 + -74 - (-8 + 2)).
-4
What is the value of 17 + (-26 - 3) + -6?
-18
What is the value of -17 + 32 + (4 - 16)?
3
What is the value of -13 - (-26 - -15) - 13?
-15
What is (-11 - -6 - -9) + -2 - 6 - -2?
-2
5 + -8 - (3 - 2 - (-16 + 16))
-4
Calculate -8 - -2 - (-6 + (1 - (-7 + 27))).
19
What is ((1 - -1) + -10 - (-12 + 11)) + -2?
-9
Calculate -3 - (-5 + -14 + 10).
6
1 + 0 + -1 + (-6 - (10 + -19))
3
Evaluate (-266 - -253) + (-6 - 0) + 9.
-10
Evaluate 6 - (1 + 3) - (142 - 159).
19
What is -18 + (-13 - -5) + 15?
-11
Calculate 64 + -56 + (29 - 12).
25
Calculate -412 + 384 + (0 - -22).
-6
3 - 1 - (1 + -2) - (-5 - 13)
21
What is -33 - (-8 - (2 - -8))?
-15
What is the value of -36 - -22 - (-4 + 0 - 34)?
24
What is the value of (-7 + 0 - -10) + 9 - 0?
12
(6 - 14) + 11 + -2
1
Evaluate -10 + (-34 - -31) + 19.
6
(-52 - -57) + (-4 + 7 - (-3 + -1))
12
15 + (0 - (-7 + 5)) + -25 + 29
21
Evaluate -26 + 34 - -13 - 2.
19
What is (45 - -26 - 37) + 4?
38
Calculate 7 - (1 + (-4 - -2 - (8 + -14))).
2
Evaluate (5 - 1) + (-4 - -10) + -2 - -9.
17
What is the value of (24 - 14) + 3 + (-2 - 3)?
8
What is the value of 6 + 6 + -36 - (3 - 5) - 2?
-24
9 + -65 + 63 - (1 + (2 - -38))
-34
29 - (8 - 14 - (0 + 1))
36
4 - -31 - (31 + -13)
17
Evaluate 2 + (12 - (-4 + (5 - 18))).
31
Calculate (2 - -3 - 12) + 6.
-1
Evaluate 0 - (-8 + 9) - (-18 - -22).
-5
(-72 - -32 - -20) + (-1 - -2)
-19
(-23 - -15) + ((2 - 5) + 4 - 3)
-10
What is (1 - (6 - (9 - 6))) + 9?
7
Evaluate